 is divided by 3706538?
75
What is the remainder when 14589696 is divided by 1087?
1069
Calculate the remainder when 2602624 is divided by 17.
9
Calculate the remainder when 163119447 is divided by 897.
894
Calculate the remainder when 58968940 is divided by 29484470.
0
Calculate the remainder when 1213034 is divided by 48.
26
What is the remainder when 333574 is divided by 3449?
2470
What is the remainder when 375392 is divided by 17875?
17
Calculate the remainder when 347040 is divided by 376.
368
What is the remainder when 3160178 is divided by 10?
8
What is the remainder when 71278730 is divided by 29?
7
Calculate the remainder when 2775701 is divided by 1232.
5
Calculate the remainder when 2940643 is divided by 420091.
6
What is the remainder when 687722 is divided by 1078?
1036
Calculate the remainder when 1763477 is divided by 1763448.
29
Calculate the remainder when 2320838 is divided by 58.
26
Calculate the remainder when 21644910 is divided by 21644902.
8
Calculate the remainder when 62654133 is divided by 2967.
2961
Calculate the remainder when 772465 is divided by 71.
56
Calculate the remainder when 794043 is divided by 10325.
9343
Calculate the remainder when 360668 is divided by 119688.
1604
What is the remainder when 2401558 is divided by 1381?
1380
Calculate the remainder when 26401103 is divided by 3957.
3956
Calculate the remainder when 38663980 is divided by 38663968.
12
Calculate the remainder when 215724 is divided by 5392.
44
Calculate the remainder when 223628 is divided by 38.
36
Calculate the remainder when 351473 is divided by 29286.
41
What is the remainder when 400328470 is divided by 391?
383
Calculate the remainder when 9050157 is divided by 386.
1
Calculate the remainder when 3161816 is divided by 79.
78
What is the remainder when 1929821 is divided by 39?
23
Calculate the remainder when 445028 is divided by 61.
33
Calculate the remainder when 2716221 is divided by 535.
26
What is the remainder when 1950345 is divided by 5119?
6
Calculate the remainder when 607410 is divided by 323.
170
What is the remainder when 1360761 is divided by 80016?
489
Calculate the remainder when 22484 is divided by 925.
284
Calculate the remainder when 481690 is divided by 481684.
6
What is the remainder when 227334 is divided by 75673?
315
Calculate the remainder when 8181909 is divided by 109092.
9
What is the remainder when 70279130 is divided by 518?
516
What is the remainder when 900739 is divided by 156?
151
Calculate the remainder when 42163 is divided by 2561.
1187
Calculate the remainder when 275205974 is divided by 1045.
1044
Calculate the remainder when 235539 is divided by 2085.
2019
What is the remainder when 15471 is divided by 1251?
459
Calculate the remainder when 671758 is divided by 496.
174
Calculate the remainder when 117445 is divided by 9033.
16
Calculate the remainder when 5416877 is divided by 142547.
91
What is the remainder when 414964 is divided by 128?
116
Calculate the remainder when 12219403 is divided by 25.
3
What is the remainder when 36826 is divided by 24?
10
Calculate the remainder when 3026270 is divided by 32894.
22
Calculate the remainder when 20539927 is divided by 489.
460
Calculate the remainder when 353471 is divided by 1068.
1031
What is the remainder when 2706143 is divided by 1716?
11
What is the remainder when 23071 is divided by 20235?
2836
What is the remainder when 2130002 is divided by 2557?
21
Calculate the remainder when 9985 is divided by 4297.
1391
Calculate the remainder when 1252733 is divided by 36818.
921
What is the remainder when 1657587 is divided by 25501?
22
Calculate the remainder when 10209049 is divided by 49.
46
Calculate the remainder when 1167405 is divided by 1126.
869
Calculate the remainder when 167547 is divided by 5070.
237
Calculate the remainder when 11704339 is divided by 3901444.
7
What is the remainder when 28950022 is divided by 1585?
1582
Calculate the remainder when 195397 is divided by 153.
16
What is the remainder when 1448570 is divided by 96571?
5
What is the remainder when 49988 is divided by 9893?
523
What is the remainder when 354184 is divided by 1710?
214
What is the remainder when 406390 is divided by 25399?
6
What is the remainder when 17386874 is divided by 86?
82
What is the remainder when 49396360 is divided by 71279?
13
Calculate the remainder when 593836 is divided by 1308.
4
Calculate the remainder when 36386113 is divided by 345.
343
Calculate the remainder when 2917509 is divided by 43.
2
Calculate the remainder when 214404216 is divided by 3632.
3624
Calculate the remainder when 424466 is divided by 141474.
44
What is the remainder when 116744364 is divided by 1487?
1481
Calculate the remainder when 12200 is divided by 620.
420
What is the remainder when 1054598 is divided by 70302?
68
Calculate the remainder when 5871 is divided by 2068.
1735
Calculate the remainder when 21419239 is divided by 428.
407
What is the remainder when 80342 is divided by 1212?
350
Calculate the remainder when 55594568 is divided by 454.
452
What is the remainder when 13690 is divided by 845?
170
Calculate the remainder when 2208956 is divided by 659.
647
Calculate the remainder when 3582479 is divided by 2295.
2279
Calculate the remainder when 293975251 is divided by 1287.
1285
What is the remainder when 5499959 is divided by 134145?
14
Calculate the remainder when 1317234 is divided by 36578.
426
Calculate the remainder when 612784 is divided by 305993.
798
Calculate the remainder when 436172 is divided by 1592.
1556
Calculate the remainder when 511641 is divided by 8861.
6564
What is the remainder when 64761642 is divided by 2490831?
36
What is the remainder when 695034 is divided by 57?
33
Calculate the remainder when 3546008 is divided by 80.
8
Calculate the remainder when 713633 is divided by 5755.
13
What is the remainder when 1178672 is divided by 3802?
52
Calculate the remainder when 51913 is divided by 3019.
590
What is the remainder when 139695 is divided by 3488?
175
Calculate the remainder when 129454551 is divided by 288.
279
What is the remainder when 1787643 is divided by 446881?
119
What is the remainder when 2827799 is divided by 37?
0
What is the remainder when 14164 is divided by 1695?
604
Calculate the remainder when 200416907 is divided by 10778.
10775
What is the remainder when 3469106 is divided by 457?
19
Calculate the remainder when 1132800 is divided by 1805.
1065
What is the remainder when 11555996 is divided by 2113?
2112
Calculate the remainder when 8819849 is divided by 1763969.
4
What is the remainder when 6659618 is divided by 2443?
0
Calculate the remainder when 3079221 is divided by 92.
73
What is the remainder when 95770 is divided by 15363?
3592
Calculate the remainder when 261798 is divided by 1568.
1510
Calculate the remainder when 21333055 is divided by 140.
135
Calculate the remainder when 6120045 is divided by 26266.
67
Calculate the remainder when 14682372 is divided by 3013.
23
Calculate the remainder when 197302 is divided by 65597.
511
What is the remainder when 128616 is divided by 1631?
1398
Calculate the remainder when 2258278 is divided by 37.
20
What is the remainder when 31564209 is divided by 42?
33
Calculate the remainder when 6187201 is divided by 515.
506
What is the remainder when 14172384 is divided by 95?
94
Calculate the remainder when 184672016 is divided by 13.
9
Calculate the remainder when 36643736 is divided by 11711.
17
Calculate the remainder when 35043 is divided by 8752.
35
What is the remainder when 1592733 is divided by 943?
6
Calculate the remainder when 1378407 is divided by 4819.
173
Calculate the remainder when 490198 is divided by 245098.
2
What is the remainder when 89443958 is divided by 130766?
14
Calculate the remainder when 36986099 is divided by 41.
40
Calculate the remainder when 2926769 is divided by 634.
225
What is the remainder when 1521825 is divided by 371?
354
Calculate the remainder when 7589345 is divided by 52.
49
Calculate the remainder when 1057636418 is divided by 21.
20
Calculate the remainder when 400235 is divided by 16202.
11387
Calculate the remainder when 987785 is divided by 728.
617
Calculate the remainder when 4395194 is divided by 1072.
1066
Calcu